NOAA Reports/Αναφορές NOAA

Select a Year or Month report
2018 > Jan Feb Mar Apr May Jun Jul Aug Sep Oct Nov Dec
2017 > Jan Feb Mar Apr May Jun Jul Aug Sep Oct Nov Dec
2016 > Jan Feb Mar Apr May Jun Jul Aug Sep Oct Nov Dec

Report for 2018 06
                   MONTHLY CLIMATOLOGICAL SUMMARY for MAY. 2018

NAME: Profitis Ilias Weather Station   CITY: Profitis Ilias    STATE: Greece 
ELEV:   355 m  LAT:  35 12' 00" N  LONG:  25 06' 00" E

                   TEMPERATURE (C), RAIN  (mm), WIND SPEED (km/hr)

                                      HEAT  COOL        AVG
    MEAN                              DEG   DEG         WIND                 DOM
DAY TEMP  HIGH   TIME   LOW    TIME   DAYS  DAYS  RAIN  SPEED HIGH   TIME    DIR
------------------------------------------------------------------------------------
 1  20.2  26.7   15:10  14.8    7:00   0.9   2.8   0.0   1.6  24.1   14:40   ESE
 2  22.2  29.5   12:00  15.2    4:50   0.6   4.4   0.0   1.6  22.5   23:40     E
 3  24.5  29.2   15:40  19.7    6:20   0.0   6.2   0.0   4.7  35.4   13:50     E
 4  19.6  24.0   16:00  15.3    6:20   0.6   1.9   0.0   1.4  24.1   13:40     E
 5  19.8  25.8   13:00  13.9    5:10   1.2   2.8   0.0   1.9  30.6   14:10     E
 6  18.6  24.8   13:10  14.2    4:50   1.3   1.6   0.0   1.4  24.1   13:40   ESE
 7  16.2  20.2   18:00  14.3   10:30   2.3   0.2  18.2   0.5  17.7   11:00     E
 8  17.9  22.1   14:20  14.6    4:10   1.4   1.0   0.2   2.4  30.6   14:10   ESE
 9  20.1  26.5   13:10  15.0    2:40   0.8   2.6   0.0   1.3  20.9   14:50     E
10  20.2  26.6   13:50  15.7   00:00   0.4   2.3   0.0   1.3  20.9   14:30     E
11  18.9  24.8   15:20  13.8    3:50   1.3   1.9   0.0   2.4  29.0   13:40     E
12  17.7  21.7   12:40  14.1   23:20   1.4   0.8   0.0   1.4  33.8   10:20   ESE
13  18.8  23.4   15:40  14.1    0:30   1.3   1.8   0.0   4.2  29.0   12:50     E
14  20.4  26.1   12:00  15.3    1:50   0.8   2.9   0.0   2.3  25.7   12:30     E
15  23.5  29.5   15:20  17.4    0:10   0.1   5.3   0.0   1.6  20.9   12:50     E
16  25.1  33.7   13:30  19.9   22:20   0.0   6.8   0.0   1.3  24.1   17:00     E
17  25.4  31.8   11:10  19.8   00:00   0.0   7.2   0.0   1.9  30.6   12:40   ESE
18  24.6  33.3   13:20  18.4    4:20   0.0   6.3   0.0   1.1  22.5   14:00     E
19  27.6  32.9   13:40  22.7   23:20   0.0   9.3   0.0   3.1  24.1   15:40     E
20  23.6  28.3   16:40  19.7   22:50   0.0   5.3   0.0   1.0  20.9   15:00   ESE
21  22.7  30.2   11:10  17.4    5:10   0.1   4.5   0.0   1.9  30.6   12:40     E
22  20.7  24.4   16:30  17.4   23:10   0.0   2.5   0.0   1.9  19.3   11:30   ESE
23  23.2  31.5   15:10  16.5    6:50   0.3   5.2   0.0   1.8  17.7   16:40     E
24  22.8  27.8   13:30  18.4    7:00   0.0   4.5   0.0   2.7  27.4   17:20     E
25  20.9  25.5   15:20  16.7    4:50   0.2   2.8   0.0   3.5  37.0   15:50     E
26  19.7  22.5    9:40  17.3    3:50   0.0   0.7   0.0   1.3  17.7   11:00     E
27
28
29
30
31
-------------------------------------------------------------------------------------
    21.3  33.7    16    13.8    11    15.2  93.6  18.4   2.0  37.0    25       E

Max >=  32.0:  3
Max <=   0.0:  0
Min <=   0.0:  0
Min <= -18.0:  0
Max Rain: 18.21 ON 07/05/18
Days of Rain: 2 (> .2 mm) 1 (> 2 mm) 0 (> 20 mm)
Heat Base:  18.3  Cool Base:  18.3  Method: Integration