NOAA Reports/Αναφορές NOAA

Select a Year or Month report
2018 > Jan Feb Mar Apr May Jun Jul Aug Sep Oct Nov Dec
2017 > Jan Feb Mar Apr May Jun Jul Aug Sep Oct Nov Dec
2016 > Jan Feb Mar Apr May Jun Jul Aug Sep Oct Nov Dec

Report for 2018 02
                   MONTHLY CLIMATOLOGICAL SUMMARY for FEB. 2018

NAME: Profitis Ilias Weather Station   CITY: Profitis Ilias    STATE: Greece 
ELEV:   355 m  LAT:  35 12' 00" N  LONG:  25 06' 00" E

                   TEMPERATURE (C), RAIN  (mm), WIND SPEED (km/hr)

                                      HEAT  COOL        AVG
    MEAN                              DEG   DEG         WIND                 DOM
DAY TEMP  HIGH   TIME   LOW    TIME   DAYS  DAYS  RAIN  SPEED HIGH   TIME    DIR
------------------------------------------------------------------------------------
 1  10.8  13.6   13:00   8.0    7:10   7.5   0.0   0.2   0.6  19.3   21:00   WSW
 2  12.3  16.4   13:30   9.9    0:20   6.0   0.0   0.0   3.7  29.0   23:30     E
 3  13.0  15.0   14:40  11.8    2:50   5.3   0.0   0.0   6.9  40.2    3:50     E
 4  14.2  17.8   12:30  11.9   22:40   4.1   0.0   0.0   5.3  35.4   16:20     E
 5  12.4  16.9   13:10   9.1   23:50   5.9   0.0   0.0   1.3  17.7   15:40     E
 6  11.4  16.5   14:10   8.1    6:00   6.8   0.0   0.2   1.3  20.9   00:00     E
 7  15.7  18.2   15:40  12.8    0:50   2.6   0.0   0.8   9.5  64.4   23:20     E
 8  14.1  17.7   11:10  10.1   22:40   4.2   0.0   0.0   2.6  41.8    0:30     E
 9  11.3  13.6   14:50   9.0    1:50   7.0   0.0   0.2   0.2  12.9    5:10     E
10  13.6  16.4   12:50  10.6    0:20   4.7   0.0   0.2   7.4  54.7   14:50     E
11  13.4  18.7   14:20   9.2   00:00   4.9   0.0   0.0   2.6  35.4    1:00     E
12   9.8  15.4   13:00   7.1   22:00   8.5   0.0   5.2   0.6  14.5   14:00     N
13  11.2  15.9   13:10   6.2    2:20   7.1   0.0   0.8   2.1  25.7   23:40     E
14  12.1  16.6   12:10   9.0   21:10   6.2   0.0   0.6   2.7  29.0   21:50     E
15   8.9  11.7   14:50   6.6   16:40   9.4   0.0  16.6   4.2  38.6    9:30     E
16   8.9  12.9   13:20   5.8    6:10   9.4   0.0  20.4   1.6  19.3   22:40     E
17  10.4  12.8   15:30   8.5   00:00   7.9   0.0   0.6   2.1  17.7   15:40     E
18  10.7  15.4   13:20   7.3    6:50   7.7   0.0   0.0   2.3  19.3   14:00     E
19  10.9  15.6   11:30   8.2    1:20   7.3   0.0   0.2   0.8  16.1   16:10     E
20  10.8  11.2    1:40  10.3    0:10   1.1   0.0   0.6   0.8  11.3    3:40     E
21
22
23
24
25
26
27
28
-------------------------------------------------------------------------------------
    11.8  18.7    11     5.8    16   123.4   0.0  46.6   2.9  64.4     7       E

Max >=  32.0:  0
Max <=   0.0:  0
Min <=   0.0:  0
Min <= -18.0:  0
Max Rain: 20.40 ON 16/02/18
Days of Rain: 13 (> .2 mm) 3 (> 2 mm) 1 (> 20 mm)
Heat Base:  18.3  Cool Base:  18.3  Method: Integration