NOAA Reports/Αναφορές NOAA

Select a Year or Month report
2017 > Jan Feb Mar Apr May Jun Jul Aug Sep Oct Nov Dec
2016 > Jan Feb Mar Apr May Jun Jul Aug Sep Oct Nov Dec

Report for 2017 09
                   MONTHLY CLIMATOLOGICAL SUMMARY for SEP. 2017

NAME: Profitis Ilias Weather Station   CITY: Profitis Ilias    STATE: Greece 
ELEV:   355 m  LAT:  35 12' 00" N  LONG:  25 06' 00" E

                   TEMPERATURE (C), RAIN  (mm), WIND SPEED (km/hr)

                                      HEAT  COOL        AVG
    MEAN                              DEG   DEG         WIND                 DOM
DAY TEMP  HIGH   TIME   LOW    TIME   DAYS  DAYS  RAIN  SPEED HIGH   TIME    DIR
------------------------------------------------------------------------------------
 1  22.1  27.0   12:30  16.6    5:40   0.1   3.9   0.0   5.5  32.2   14:20     E
 2  24.4  30.3   15:20  19.3    5:50   0.0   6.1   0.0   3.1  24.1   13:50   ESE
 3  26.9  34.6   14:10  19.4    3:30   0.0   8.6   0.0   1.8  20.9   15:00   ESE
 4  25.9  31.5   13:50  19.4   00:00   0.0   7.6   0.0   2.6  24.1   14:20   ESE
 5  23.3  30.4   14:10  17.9    7:00   0.0   5.0   0.0   1.3  22.5   12:40   ESE
 6  21.8  25.4   13:10  17.3   00:00   0.0   3.5   0.0   4.0  33.8   16:40     E
 7  21.6  26.7   14:20  17.0    3:40   0.1   3.3   0.0   3.1  25.7   12:20     E
 8  23.4  30.3   14:30  17.3    7:00   0.0   5.2   0.0   1.1  22.5   13:50   ESE
 9  25.7  32.8   16:00  20.3    7:10   0.0   7.4   0.0   1.1  16.1   14:40   ESE
10  27.8  35.1   12:20  22.4   22:50   0.0   9.5   0.0   1.6  24.1   15:10     E
11  29.0  36.4   13:30  21.6    7:10   0.0  10.7   0.0   2.3  24.1   14:20     E
12  26.2  29.8   15:10  20.9   23:50   0.0   7.9   0.0   2.6  25.7   15:30   ESE
13  23.8  29.9   12:00  19.6    7:00   0.0   5.5   0.0   2.6  32.2   15:00   ESE
14  24.6  30.2   12:10  19.7    3:50   0.0   6.3   0.0   3.4  32.2   12:00    SE
15  24.0  30.7   13:00  19.2    7:00   0.0   5.7   0.0   1.3  19.3   12:40   ESE
16  23.9  30.2   14:40  18.1    6:00   0.0   5.6   0.0   2.1  24.1   13:00   ESE
17  24.5  30.4   12:40  18.7    3:10   0.0   6.2   0.0   1.6  24.1   13:40   ESE
18  27.2  33.7   15:00  20.8    2:10   0.0   8.9   0.0   2.1  22.5   12:40   ESE
19  29.7  36.4   12:00  23.9   22:20   0.0  11.4   0.0   1.6  20.9   15:20   ESE
20  28.3  36.9   12:30  22.1   22:40   0.0  10.0   0.0   1.3  22.5   11:40     E
21  23.6  28.9   13:30  18.7   00:00   0.0   5.2   0.0   1.8  20.9   16:40    SW
22  21.4  27.5   14:50  17.3   00:00   0.1   3.2   0.0   2.4  25.7   16:40     E
23  20.4  26.2   14:00  16.3    7:20   0.6   2.6   0.0   1.1  19.3   14:40    SE
24  19.6  24.7   15:30  15.7    4:30   0.8   2.0   0.0   1.8  22.5   11:30   ESE
25  20.9  26.7   12:00  15.9    6:20   0.5   2.6   0.0   1.6  22.5   13:30     E
26
27
28
29
30
-------------------------------------------------------------------------------------
    24.4  36.9    20    15.7    24     2.2 154.2   0.0   2.2  33.8     6       E

Max >=  32.0:  7
Max <=   0.0:  0
Min <=   0.0:  0
Min <= -18.0:  0
Max Rain: 0.00 ON 01/09/17
Days of Rain: 0 (> .2 mm) 0 (> 2 mm) 0 (> 20 mm)
Heat Base:  18.3  Cool Base:  18.3  Method: Integration