NOAA Reports/Αναφορές NOAA

Select a Year or Month report
2017 > Jan Feb Mar Apr May Jun Jul Aug Sep Oct Nov Dec
2016 > Jan Feb Mar Apr May Jun Jul Aug Sep Oct Nov Dec

Report for 2017 11
                   MONTHLY CLIMATOLOGICAL SUMMARY for NOV. 2017

NAME: Profitis Ilias Weather Station   CITY: Profitis Ilias    STATE: Greece 
ELEV:   355 m  LAT:  35 12' 00" N  LONG:  25 06' 00" E

                   TEMPERATURE (C), RAIN  (mm), WIND SPEED (km/hr)

                                      HEAT  COOL        AVG
    MEAN                              DEG   DEG         WIND                 DOM
DAY TEMP  HIGH   TIME   LOW    TIME   DAYS  DAYS  RAIN  SPEED HIGH   TIME    DIR
------------------------------------------------------------------------------------
 1  14.0  17.6   14:10  11.2   19:50   4.3   0.0   0.0   1.8  22.5   12:10     E
 2  12.6  16.1   12:50   9.8   20:50   5.7   0.0   0.0   2.3  29.0   13:00     E
 3  14.2  19.6   12:40   9.1    3:30   4.2   0.1   0.0   0.5  14.5   14:20     E
 4  15.1  20.2   11:20  11.9   23:00   3.3   0.1  22.2   1.0  17.7   15:10     E
 5  13.7  18.1   14:30  10.8   00:00   4.6   0.0   0.2   1.1  22.5   14:10     E
 6  13.7  19.4   13:50   9.9    6:40   4.6   0.0   0.0   0.8  17.7   12:50     E
 7  15.6  21.8   13:10  11.2    5:30   3.2   0.4   0.0   1.0  22.5   00:00     E
 8  17.9  23.6   13:20  14.6    1:30   1.6   1.3   0.0   2.3  25.7    8:50     E
 9  16.5  21.2   12:30  13.1    6:20   2.2   0.4   0.0   1.3  20.9   13:30     E
10  14.7  19.5   12:50  11.7    5:30   3.7   0.1   0.2   1.0  19.3   10:40     E
11  16.3  22.0   14:30  11.1    5:10   2.7   0.8   0.0   1.6  24.1   12:20     E
12  16.8  19.6   11:10  14.7    2:00   1.6   0.1   0.0   4.3  33.8   14:50     E
13  15.8  19.0   12:50  12.5   23:20   2.5   0.0   4.8   5.6  46.7    8:20     E
14  16.3  21.2   13:40  12.3    1:00   2.5   0.5   0.0   1.6  25.7   12:40     E
15  18.0  22.2   12:30  15.1    0:10   1.1   0.8   0.0   3.9  30.6   14:50     E
16  18.1  22.4   12:50  15.9   22:30   1.0   0.8   0.0   5.0  29.0   11:10     E
17  17.4  21.8   11:50  14.4   00:00   1.6   0.7   0.0   2.4  25.7    3:50     E
18  15.2  19.5   15:00  12.7    7:50   3.1   0.0  11.8   1.8  20.9   13:10     E
19  15.1  20.4   12:20  11.8    3:30   3.4   0.2   0.2   0.5  17.7   12:30     E
20  14.6  20.2   11:20   9.4   23:50   3.9   0.1   5.4   1.8  24.1   16:30     E
21  10.4  14.6   13:50   7.1   23:50   7.9   0.0   0.0   1.1  19.3   14:50     E
22  11.9  18.1   14:00   6.6    2:50   6.4   0.0   0.0   1.0  12.9   15:00     N
23  14.6  20.2   13:20  10.7    2:50   3.9   0.2   0.0   0.6  16.1   15:10   ESE
24  14.3  19.9   11:40  10.6    7:00   4.1   0.1   0.0   0.6  17.7   13:20     E
25  13.5  18.0   11:40  11.9    0:50   2.6   0.0   0.0   0.2  11.3   12:00     E
26
27
28
29
30
-------------------------------------------------------------------------------------
    15.1  23.6     8     6.6    22    85.7   6.7  44.8   1.8  46.7    13       E

Max >=  32.0:  0
Max <=   0.0:  0
Min <=   0.0:  0
Min <= -18.0:  0
Max Rain: 22.20 ON 04/11/17
Days of Rain: 7 (> .2 mm) 4 (> 2 mm) 1 (> 20 mm)
Heat Base:  18.3  Cool Base:  18.3  Method: Integration